{"id":118,"date":"2025-06-09T23:25:00","date_gmt":"2025-06-09T23:25:00","guid":{"rendered":"https:\/\/sisterschoolers.com\/?page_id=118"},"modified":"2025-06-09T23:25:00","modified_gmt":"2025-06-09T23:25:00","slug":"recursos","status":"publish","type":"page","link":"https:\/\/sisterschoolers.com\/?page_id=118","title":{"rendered":"Recursos"},"content":{"rendered":"\n<div class=\"wp-block-group alignfull is-vertical is-content-justification-center is-layout-flex wp-container-core-group-is-layout-ce155fab wp-block-group-is-layout-flex\">\n<p class=\"has-text-align-center is-style-text-display is-style-text-display--1\" style=\"margin-top:var(--wp--preset--spacing--30);margin-right:var(--wp--preset--spacing--40);margin-bottom:var(--wp--preset--spacing--30);margin-left:var(--wp--preset--spacing--40);font-size:clamp(22.041px, 1.378rem + ((1vw - 3.2px) * 1.369), 36px);\"><strong>Tipos de Recursos para la Educaci\u00f3n en Casa<\/strong><\/p>\n\n\n\n<p class=\"is-style-text-annotation is-style-text-annotation--2\" style=\"margin-right:var(--wp--preset--spacing--40);margin-left:var(--wp--preset--spacing--40)\"><strong>Recursos Digitales:<\/strong> Herramientas en l\u00ednea como plataformas educativas, apps interactivas y sitios web que facilitan el aprendizaje din\u00e1mico desde cualquier dispositivo.<\/p>\n\n\n\n<p class=\"is-style-text-annotation is-style-text-annotation--3\" style=\"margin-right:var(--wp--preset--spacing--40);margin-left:var(--wp--preset--spacing--40)\"><strong>Recursos Escritos:<\/strong> Libros, enciclopedias, novelas y cuadernos de trabajo que fortalecen la comprensi\u00f3n profunda, la lectura y el pensamiento cr\u00edtico.<\/p>\n\n\n\n<p class=\"has-text-align-center is-style-text-annotation is-style-text-annotation--4\" style=\"margin-right:var(--wp--preset--spacing--30);margin-left:var(--wp--preset--spacing--30)\"><strong>Recursos de Vida:<\/strong> Experiencias reales como paseos, proyectos y actividades pr\u00e1cticas que conectan el aprendizaje con el mundo y estimulan la curiosidad.<\/p>\n<\/div>\n\n\n\n<div class=\"wp-block-group alignfull is-layout-flow wp-block-group-is-layout-flow\">\n<div class=\"wp-block-group is-layout-flow wp-block-group-is-layout-flow\">\n<div class=\"wp-block-columns alignwide is-layout-flex wp-container-core-columns-is-layout-73d3e79b wp-block-columns-is-layout-flex\">\n<div class=\"wp-block-column is-style-default is-layout-flow wp-container-core-column-is-layout-d861e3ee wp-block-column-is-layout-flow\" style=\"padding-top:var(--wp--preset--spacing--40);padding-right:var(--wp--preset--spacing--40);padding-bottom:var(--wp--preset--spacing--40);padding-left:var(--wp--preset--spacing--40)\">\n<div class=\"wp-block-group has-global-padding is-layout-constrained wp-container-core-group-is-layout-1026f38c wp-block-group-is-layout-constrained\">\n<h3 class=\"wp-block-heading has-text-align-center is-pricing-tier-name has-small-font-size\"><\/h3>\n\n\n\n<p class=\"has-text-align-center is-pricing-tier-price has-xx-large-font-size\">Recursos Digitales<\/p>\n\n\n\n<figure class=\"wp-block-image size-full\"><img decoding=\"async\" src=\"https:\/\/sisterschoolers.wordpress.com\/wp-content\/uploads\/2025\/06\/gemini_generated_image_vsgtjovsgtjovsgt-2.png\" alt=\"\" class=\"wp-image-311\"\/><\/figure>\n\n\n\n<p class=\"is-pricing-tier-price\">Estos recursos est\u00e1n pensados para complementar tu plan de estudio y fomentar una experiencia educativa din\u00e1mica, creativa y accesible desde cualquier dispositivo.<br>\u00a1Expl\u00f3ralos y elige los que mejor se adapten al estilo de aprendizaje de tu familia!<\/p>\n<\/div>\n<\/div>\n\n\n\n<div class=\"wp-block-column is-style-section-3 has-accent-6-background-color has-background is-layout-flow wp-container-core-column-is-layout-d861e3ee wp-block-column-is-layout-flow is-style-section-3--5\" style=\"padding-top:var(--wp--preset--spacing--40);padding-right:var(--wp--preset--spacing--40);padding-bottom:var(--wp--preset--spacing--40);padding-left:var(--wp--preset--spacing--40)\">\n<div class=\"wp-block-group has-global-padding is-layout-constrained wp-container-core-group-is-layout-1026f38c wp-block-group-is-layout-constrained\">\n<h3 class=\"wp-block-heading has-text-align-center is-pricing-tier-name has-small-font-size\"><\/h3>\n\n\n\n<p class=\"has-text-align-center is-pricing-tier-price has-xx-large-font-size\">Recursos Escritos<\/p>\n<\/div>\n\n\n\n<figure class=\"wp-block-image aligncenter size-full\"><img decoding=\"async\" src=\"https:\/\/sisterschoolers.wordpress.com\/wp-content\/uploads\/2025\/06\/gemini_generated_image_ppfbsyppfbsyppfb.png\" alt=\"\" class=\"wp-image-253\"\/><\/figure>\n\n\n\n<p class=\"has-text-align-left is-pricing-tier-price\" style=\"font-size:clamp(14.082px, 0.88rem + ((1vw - 3.2px) * 0.678), 21px);\">Los recursos escritos son materiales en formato de texto, como libros, art\u00edculos y enciclopedias, que nos ayudan a aprender, informarnos y entretenernos. Son fundamentales para ampliar conocimientos, investigar y disfrutar de buenas lecturas. Su diversidad y accesibilidad los convierten en herramientas muy valiosas para nuestro crecimiento personal y cultural.<\/p>\n<\/div>\n\n\n\n<div class=\"wp-block-column has-global-padding is-layout-constrained wp-container-core-column-is-layout-1026f38c wp-block-column-is-layout-constrained\">\n<div class=\"wp-block-group has-global-padding is-layout-constrained wp-container-core-group-is-layout-1026f38c wp-block-group-is-layout-constrained\">\n<h3 class=\"wp-block-heading has-text-align-center is-pricing-tier-name has-small-font-size\"><\/h3>\n\n\n\n<p class=\"has-text-align-center is-pricing-tier-price has-xx-large-font-size\">Recursos              de Vida<\/p>\n\n\n\n<p><\/p>\n\n\n\n<figure class=\"wp-block-image size-full is-pricing-tier-price\"><img decoding=\"async\" src=\"https:\/\/sisterschoolers.wordpress.com\/wp-content\/uploads\/2025\/06\/gemini_generated_image_9kall99kall99kal.png\" alt=\"\" class=\"wp-image-256\"\/><\/figure>\n\n\n\n<p><\/p>\n\n\n\n<p>Estas vivencias despiertan la curiosidad, desarrollan habilidades sociales y fomentan una educaci\u00f3n integral y significativa. Aprender tambi\u00e9n es tocar, oler, construir, equivocarse y volver a intentar.\u00a1Convierte cada salida y proyecto en una lecci\u00f3n de vida que tus hijos nunca olvidar\u00e1n!<\/p>\n<\/div>\n<\/div>\n<\/div>\n<\/div>\n<\/div>\n","protected":false},"excerpt":{"rendered":"<p>Tipos de Recursos para la Educaci\u00f3n en Casa Recursos Digitales: Herramientas en l\u00ednea como plataformas educativas, apps interactivas y sitios web que facilitan el aprendizaje din\u00e1mico desde cualquier dispositivo. Recursos Escritos: Libros, enciclopedias, novelas y cuadernos de trabajo que fortalecen la comprensi\u00f3n profunda, la lectura y el pensamiento cr\u00edtico. Recursos de Vida: Experiencias reales como [&hellip;]<\/p>\n","protected":false},"author":1,"featured_media":0,"parent":0,"menu_order":0,"comment_status":"closed","ping_status":"closed","template":"","meta":{"footnotes":""},"class_list":["post-118","page","type-page","status-publish","hentry"],"jetpack_sharing_enabled":true,"_links":{"self":[{"href":"https:\/\/sisterschoolers.com\/index.php?rest_route=\/wp\/v2\/pages\/118","targetHints":{"allow":["GET"]}}],"collection":[{"href":"https:\/\/sisterschoolers.com\/index.php?rest_route=\/wp\/v2\/pages"}],"about":[{"href":"https:\/\/sisterschoolers.com\/index.php?rest_route=\/wp\/v2\/types\/page"}],"author":[{"embeddable":true,"href":"https:\/\/sisterschoolers.com\/index.php?rest_route=\/wp\/v2\/users\/1"}],"replies":[{"embeddable":true,"href":"https:\/\/sisterschoolers.com\/index.php?rest_route=%2Fwp%2Fv2%2Fcomments&post=118"}],"version-history":[{"count":1,"href":"https:\/\/sisterschoolers.com\/index.php?rest_route=\/wp\/v2\/pages\/118\/revisions"}],"predecessor-version":[{"id":119,"href":"https:\/\/sisterschoolers.com\/index.php?rest_route=\/wp\/v2\/pages\/118\/revisions\/119"}],"wp:attachment":[{"href":"https:\/\/sisterschoolers.com\/index.php?rest_route=%2Fwp%2Fv2%2Fmedia&parent=118"}],"curies":[{"name":"wp","href":"https:\/\/api.w.org\/{rel}","templated":true}]}}